y 14.
11
Suppose 2*l - 2 = 2*v, 0 = -3*l - 3*v + 2*v + 3. Let t(s) = l + s + s + s. Calculate the remainder when 37 is divided by t(4).
11
Let u(q) = q**3 - q**2 + 4. Let n be u(0). Suppose -s = 5*j - 37, -65 - 35 = -n*s + 4*j. Calculate the remainder when s is divided by 10.
7
Suppose 780 = -5*m + 9*m. What is the remainder when m is divided by 50?
45
Suppose -3*q + 29 = -2*q. Calculate the remainder when q is divided by 11.
7
Calculate the remainder when ((-30)/(-27)*15)/((-8)/(-12)) is divided by 15.
10
Let l be -22*(0 - (-2)/4). Let q = 17 + l. What is the remainder when (-2 + 28/q)*3 is divided by 3?
2
Let w(o) = -o**3 - 2*o**2 + 3*o - 3. Let s be w(-3). What is the remainder when 2 - (2 + s - 53) is divided by 19?
18
Let x = 4 - 12. Let t = x + 17. Calculate the remainder when 33 is divided by t.
6
Let b = 0 - -29. Let n(a) = -a + 7. Let v be n(9). Let h = v - -12. Calculate the remainder when b is divided by h.
9
Let m(k) = -k**3 + 10*k**2 + 11. Let q be m(10). Let u = 0 + 2. Suppose -o + u*o - q = 0. Calculate the remainder when o is divided by 4.
3
Let y be ((-6)/(-4))/(12/160). Calculate the remainder when 5 is divided by (-11)/(-4) + 5/y.
2
Let r be 1*(-8)/(2 + -6). Suppose -2*y + 26 = r*l, l + 41 = 3*l + 5*y. What is the remainder when 23 is divided by l?
7
Let x(k) = k**3 + 13*k**2 + 11*k + 5. What is the remainder when 29 is divided by x(-12)?
12
Let a(o) = -o**2 - 5*o. Let k be a(-4). Let f be (6/(-8))/(k/272). Let u = f - -92. Calculate the remainder when u is divided by 14.
13
Suppose -3*h - 84 = 66. Let r = 93 + h. Suppose 5*m - 29 = 46. What is the remainder when r is divided by m?
13
Let r(b) = b**3 + 5*b**2 + 2*b + 4. Calculate the remainder when 20 is divided by r(-4).
8
Let f(o) = 22*o**3 - 2*o**2 - o + 2. Calculate the remainder when 39 is divided by f(1).
18
Let c = 3 + -5. Suppose 0 = 5*y, -3*a + 0*y = 3*y - 24. Calculate the remainder when (-230)/(-8) + c/(-8) is divided by a.
5
Let u be 2/(-3) - (-344)/12. Let n be 1 + u + -1 + 2. Suppose 4*f - 10 - n = 0. What is the remainder when 18 is divided by f?
8
Let l(x) = 2*x**2 - 5*x. What is the remainder when l(8) is divided by 15?
13
Suppose 6 + 2 = 2*t. Suppose 5*v = 6 + t. Suppose -v*y + 24 = -10. What is the remainder when 50 is divided by y?
16
Let h(w) = -4*w - 11. What is the remainder when 7 is divided by h(-4)?
2
Let a = 0 + 2. Suppose 2*y = 5*p + 4, p = -y + 6 - 4. What is the remainder when y is divided by a?
0
Let g(d) = -12*d - 2. Calculate the remainder when g(-1) is divided by 3.
1
Suppose 0 = -x - 4*t + 7, 5*x - 14 + 3 = 4*t. Let l(h) = -2*h**2 - 13*h - 5. What is the remainder when x is divided by l(-6)?
0
Let v = -37 + 55. Suppose 21*s = 141 + 6. What is the remainder when v is divided by s?
4
Suppose 6 = -2*z, 5*f = 4*f + 5*z + 17. What is the remainder when (46 + 3)/(f/4) is divided by 25?
23
Let k = -15 + 17. Suppose -k*a = 5*u - 47, a = -a + u + 17. What is the remainder when 32 is divided by a?
10
Let f = -50 - -13. Let r = -18 - f. Suppose -s = -2*x - 3*x - 55, -3*s - x + 165 = 0. Calculate the remainder when s is divided by r.
17
Suppose 0 = -5*u + 3*a + 550, u + 0*a = -3*a + 92. What is the remainder when u is divided by 27?
26
Suppose -16 = -4*y, 23 = 2*l + y - 1. Calculate the remainder when l is divided by 3.
1
Suppose -i - 2 - 11 = 3*f, -f = -5*i + 15. Suppose -31 = -u - i*h, -39 = 2*u - h - 116. What is the remainder when u is divided by 10?
7
Suppose 67 = 11*k - 21. What is the remainder when k is divided by 2?
0
Suppose -2*g + 4*g - 174 = 0. Suppose 5*m = 11*m - 180. What is the remainder when g is divided by m?
27
Let m be (2/(-5))/((-6)/90). Let s(k) = 6*k + 8. Calculate the remainder when s(m) is divided by 15.
14
Suppose 10*z = 17*z - 483. Calculate the remainder when z is divided by 12.
9
Suppose -2*m = -4 - 24. Let l(c) = 6*c - 21. What is the remainder when l(8) is divided by m?
13
Suppose s = -2*q + 21, -5*s - 113 = -5*q - 23. Let r = -11 + 35. What is the remainder when r is divided by q?
11
Suppose -5*g = 6 + 9. What is the remainder when 23 is divided by -3 - (6*g + 3)?
11
Let i = 38 + -32. Calculate the remainder when 28 is divided by i.
4
Let s = 31 - 15. Calculate the remainder when 46 is divided by s.
14
Let o = 177 + -169. What is the remainder when o is divided by 6?
2
Suppose -6 = 3*n, -2*n = -4*l + 6 + 2. Suppose 0 = 4*w - l - 3, -5*w + 158 = 3*v. Calculate the remainder when v is divided by 13.
12
Suppose -7*g - 15 = -8*g. Let f be (-2)/3 + 10/g. Suppose f*q - 3*q + 15 = 2*x, 27 = 3*q - 2*x. What is the remainder when q is divided by 4?
3
Let y(r) = r**3 + 9*r**2 - 13*r - 22. Calculate the remainder when y(-10) is divided by 1.
0
Let m = 230 + -201. What is the remainder when 142 is divided by m?
26
Let g(v) = v**3 - 5*v**2 - 6*v + 9. Let y be g(6). Suppose -2*u + y = -u. Calculate the remainder when 24 is divided by u.
6
Suppose 2*m = 5*m. Suppose -3*t + 3*j - 5*j + 25 = m, -5*t + j = -20. What is the remainder when 19 is divided by t?
4
Let x(k) = -k + 52. What is the remainder when x(-13) is divided by 17?
14
Let o be (6/(-3))/((-1)/16). Suppose -4*r + 4*k + o = 0, 2*r + 2*k - 14 = -r. Calculate the remainder when (-17)/(1 - 0)*-1 is divided by r.
5
Suppose -40 = -4*t + 244. What is the remainder when t is divided by 36?
35
Let s(a) = 5*a - 1. Let f be s(-1). What is the remainder when 3/(-9) - 104/f is divided by 6?
5
Suppose -14 = -4*x + 2. Calculate the remainder when x is divided by 1.
0
Let b(j) = -j + 4. Suppose -60 = 2*i - 7*i. What is the remainder when i is divided by b(-3)?
5
What is the remainder when 33 is divided by (-16)/(-88) + (-225)/(-33)?
5
Let c = -8 - -13. Suppose -73 = -2*d - 3*n, d + n - 53 = c*n. What is the remainder when d is divided by 11?
8
Suppose -3*j - 58 = -4*j. Let d = 12 - -8. What is the remainder when j is divided by d?
18
Let w = 189 + -43. What is the remainder when w is divided by 37?
35
Let p = 7 - 13. What is the remainder when 19 is divided by (2/4)/(p/(-60))?
4
Let k(t) be the second derivative of -t**4/12 + 5*t**3/3 + 5*t**2/2 + 5*t. Calculate the remainder when 53 is divided by k(9).
11
Let g(c) = -3*c - 4. Let d be g(-6). Suppose 5*o - d = 86. Let z = 23 + o. What is the remainder when z is divided by 15?
13
Let t = 1 + 3. Suppose t*n + 4 = 24. Calculate the remainder when n is divided by 3.
2
Suppose -2 = -2*k - 8. Let l(m) = -m - 2. Let v be l(k). Let b = v + 1. Calculate the remainder when 3 is divided by b.
1
Let z(t) = -t**3 + t + 20. Suppose h = 2*h. Let i be z(h). Suppose -5*m + 0*m + i = 0. What is the remainder when m is divided by 3?
1
Let x = 10 - -2. Let o(v) be the third derivative of v**6/120 - v**4/24 + 23*v**3/6 - 2*v**2. What is the remainder when o(0) is divided by x?
11
Suppose -4 = 4*g - 16. Let h = 9 - 3. What is the remainder when h is divided by g?
0
Let j(r) = -r**2 + 18*r + 22. What is the remainder when j(17) is divided by 14?
11
Let u be (-3)/((-19)/8 - -2). Suppose u*t - 4*t = 112. Calculate the remainder when t is divided by 10.
8
Let u(x) = x - 1. Let v(a) = a + 5. Let k(h) = -6*u(h) - v(h). Let c be k(-4). Let q = c + 23. What is the remainder when q is divided by 18?
16
Suppose 0 = 4*z - 84. Calculate the remainder when 73 is divided by z.
10
Suppose -1 = 5*y + 4, 4*z - 168 = -4*y. Suppose -4*s + 21 = -z. Suppose -n + 4*n - 87 = -3*r, 0 = -n - 2. Calculate the remainder when r is divided by s.
15
Let l = 35 - 20. What is the remainder when 444/10 + 9/l is divided by 16?
13
Let p = -39 + 59. Calculate the remainder when 97 is divided by p.
17
Let g = 8 - 4. Suppose 34 + 103 = -w - 5*o, -2*w - 218 = -g*o. Let t = -62 - w. Calculate the remainder when t is divided by 19.
17
Let s(m) = m**2 - 2*m - 14. Let c be s(0). Let o = c + 34. Calculate the remainder when 79 is divided by o.
19
Let r(k) = -18*k**3 + k**2 - 1. Let o be r(-2). Suppose 23 = 5*z - o. What is the remainder when z is divided by 18?
16
Suppose -3*i = -2*i + d - 3, -3*d = 2*i - 5. Suppose -i*p = 5*b - p - 168, 5*p = -3*b + 88. Calculate the remainder when b is divided by 19.
17
Suppose u - 130 = -4*u. Calculate the remainder when u is divided by 8.
2
Let p = -64 - -118. What is the remainder when p is divided by 14?
12
Suppose -10 = -4*m + 3*a, 2*m - a - 7 = -3*m. What is t